7?
1
What is the millions digit of 8579154?
8
What is the units digit of 2507534?
4
What is the ten thousands digit of 590789?
9
What is the tens digit of 1926321?
2
What is the units digit of 6487842?
2
What is the hundreds digit of 3048569?
5
What is the tens digit of 8091845?
4
What is the units digit of 461763?
3
What is the hundreds digit of 1374246?
2
What is the hundred thousands digit of 1610650?
6
What is the ten thousands digit of 4507550?
0
What is the millions digit of 2500760?
2
What is the ten thousands digit of 456140?
5
What is the ten thousands digit of 478968?
7
What is the millions digit of 5018737?
5
What is the hundreds digit of 2482031?
0
What is the units digit of 635219?
9
What is the units digit of 10560997?
7
What is the tens digit of 724811?
1
What is the ten thousands digit of 24961349?
6
What is the hundreds digit of 513876?
8
What is the ten thousands digit of 997862?
9
What is the thousands digit of 4995659?
5
What is the ten thousands digit of 13903581?
0
What is the ten thousands digit of 6652810?
5
What is the units digit of 710605?
5
What is the ten thousands digit of 11940104?
4
What is the ten thousands digit of 8332236?
3
What is the tens digit of 65402?
0
What is the hundred thousands digit of 3169502?
1
What is the millions digit of 1421000?
1
What is the tens digit of 1480730?
3
What is the units digit of 610696?
6
What is the ten millions digit of 13569785?
1
What is the units digit of 2614922?
2
What is the hundreds digit of 7279975?
9
What is the hundreds digit of 341910?
9
What is the thousands digit of 221556?
1
What is the units digit of 1788018?
8
What is the units digit of 118353?
3
What is the ten thousands digit of 1612205?
1
What is the tens digit of 388482?
8
What is the millions digit of 21308414?
1
What is the hundreds digit of 2208469?
4
What is the units digit of 346458?
8
What is the ten thousands digit of 201438?
0
What is the ten thousands digit of 445153?
4
What is the hundred thousands digit of 156679?
1
What is the ten thousands digit of 579053?
7
What is the millions digit of 17378467?
7
What is the hundreds digit of 92077?
0
What is the hundreds digit of 33594190?
1
What is the tens digit of 8815874?
7
What is the tens digit of 5567066?
6
What is the hundreds digit of 697678?
6
What is the hundreds digit of 34318468?
4
What is the tens digit of 12105?
0
What is the hundred thousands digit of 546026?
5
What is the tens digit of 495848?
4
What is the millions digit of 1496911?
1
What is the tens digit of 460167?
6
What is the hundred thousands digit of 912126?
9
What is the units digit of 6209310?
0
What is the thousands digit of 4951?
4
What is the millions digit of 3389495?
3
What is the tens digit of 304588?
8
What is the ten thousands digit of 1791894?
9
What is the ten thousands digit of 20951620?
5
What is the ten thousands digit of 3579980?
7
What is the ten thousands digit of 4765471?
6
What is the thousands digit of 439351?
9
What is the hundreds digit of 6877878?
8
What is the hundreds digit of 314218?
2
What is the ten thousands digit of 285402?
8
What is the thousands digit of 123908?
3
What is the ten millions digit of 28291348?
2
What is the tens digit of 571709?
0
What is the tens digit of 15522811?
1
What is the ten thousands digit of 37563?
3
What is the ten thousands digit of 3567569?
6
What is the tens digit of 9028213?
1
What is the units digit of 969122?
2
What is the thousands digit of 467801?
7
What is the hundred thousands digit of 202417?
2
What is the units digit of 439996?
6
What is the thousands digit of 712613?
2
What is the hundred thousands digit of 8681248?
6
What is the tens digit of 125496?
9
What is the millions digit of 26139075?
6
What is the millions digit of 20656296?
0
What is the thousands digit of 399248?
9
What is the tens digit of 8797741?
4
What is the tens digit of 362960?
6
What is the ten thousands digit of 197667?
9
What is the hundreds digit of 70900?
9
What is the hundred thousands digit of 403107?
4
What is the tens digit of 9186846?
4
What is the units digit of 5130096?
6
What is the tens digit of 1879?
7
What is the ten thousands digit of 24326440?
2
What is the thousands digit of 828952?
8
What is the hundred thousands digit of 486804?
4
What is the hundred thousands digit of 174486?
1
What is the tens digit of 2687432?
3
What is the tens digit of 10889813?
1
What is the millions digit of 6032328?
6
What is the millions digit of 16363983?
6
What is the units digit of 180385?
5
What is the units digit of 4780701?
1
What is the thousands digit of 544193?
4
What is the hundreds digit of 265220?
2
What is the tens digit of 10011282?
8
What is the hundreds digit of 3261811?
8
What is the hundreds digit of 204162?
1
What is the units digit of 7408585?
5
What is the ten thousands digit of 6102271?
0
What is the units digit of 209053?
3
What is the units digit of 4399010?
0
What is the ten millions digit of 15973497?
1
What is the ten thousands digit of 1920123?
2
What is the hundreds digit of 3939590?
5
What is the ten thousands digit of 1629383?
2
What is the units digit of 499305?
5
What is the ten millions digit of 12154296?
1
What is the thousands digit of 1136738?
6
What is the hundred thousands digit of 6943356?
9
What is the hundred thousands digit of 477518?
4
What is the tens digit of 4645234?
3
What is the thousands digit of 242279?
2
What is the thousands digit of 7108943?
8
What is the tens digit of 311410?
1
What is the thousands digit of 28374587?
4
What is the thousands digit of 2295448?
5
What is the tens digit of 3345149?
4
What is the ten thousands digit of 2472714?
7
What is the tens digit of 7243626?
2
What is the tens digit of 382601?
0
What is the thousands digit of 24473?
4
What is the units digit of 3293418?
8
What is the hundreds digit of 4184386?
3
What is the units digit of 7272942?
2
What is the ten thousands digit of 3884847?
8
What is the units digit of 182275?
5
What is the thousands digit of 120194?
0
What is the millions digit of 2018260?
2
What is the thousands digit of 285758?
5
What is the hundreds digit of 3352455?
4
What is the units digit of 1437644?
4
What is the ten thousands digit of 3422918?
2
What is the units digit of 5513463?
3
What is the hundreds digit of 268063?
0
What is the ten thousands digit of 61374?
6
What is the thousands digit of 5228083?
8
What is the hundreds digit of 156558?
5
What is the ten thousands digit of 251888?
5
What is the hundreds digit of 928259?
2
What is the thousands digit of 19370?
9
What is the hundred thousands digit of 272816?
2
What is the units digit of 961771?
1
What is the thousands digit of 1536556?
6
What is the hundreds digit of 4622771?
7
What is the units digit of 251746?
6
What is the tens digit of 917795?
9
What is the units digit of 2050651?
1
What is the ten thousands digit of 10876670?
7
What is the ten thousands digit of 300394?
0
What is the units digit of 266449?
9
What is the units digit of 2498510?
0
What is the hundreds digit of 23990661?
6
What is the units digit of 2696209?
9
What is the hundred thousands digit of 893984?
8
What is the hundred thousands digit of 9823159?
8
What is the ten thousands digit of 3415066?
1
What is the thousands digit of 2168278?
8
What is the thousands digit of 3305534?
5
What is the millions digit of 21775273?
1
What is the units digit of 2923269?
9
What is the thousands digit of 303074?
3
What is the hundreds digit of 8490125?
1
What is the thousands digit of 1618637?
8
What is the tens digit of 5012478?
7
What is the thousands digit of 38628592?
8
What is the units digit of 286555?
5
What is the hundred thousands digit of 875387?
8
What is the ten thousands digit of 25092463?
9
What is the hundred thousands digit of 10078763?
0
What is the hundreds digit of 481479?
4
What is the hundreds digit of 314212?
2
What is the thousands digit of 2265192?
5
What is the ten thousands digit of 3307695?
0
What is the thousands digit of 1287390?
7
What is the tens digit of 41080?
8
What is the thousands digit of 4398374?
8
What is the hundred thousands digit of 3350765?
3
What is the thousands digit of 2043692?
3
What is the hundreds digit of 4734272?
2
What is the hundred thousands digit of 2990212?
9
What is th